{"id":12617,"date":"2019-05-15T13:56:00","date_gmt":"2019-05-15T11:56:00","guid":{"rendered":"https:\/\/mediekom.se\/home\/"},"modified":"2025-01-09T14:47:39","modified_gmt":"2025-01-09T13:47:39","slug":"home","status":"publish","type":"page","link":"https:\/\/mediekom.se\/en\/","title":{"rendered":"Home"},"content":{"rendered":"<div class=\"latest-posts\" data-filtered-content>\n        <div class=\"latest-posts__grid\">\n\n            <section id=\"latestSection1\">\n                <div class=\"latest-posts color-theme--hover-red latest-posts--news\">\n                    <div class=\"latest-posts__header\">\n                        <!--<div class=\"layout-block\"><\/div>-->\n                        <div class=\"top-border\">\n                            <div class=\"top-border__inner bg-color--red\"><\/div>\n                        <\/div>\n                        <div class=\"latest-posts__header-controls\">\n                            <h2 class=\"text-color--red\">Nyheter<\/h2>\n                            <a href=\"https:\/\/mediekom.se\/en\/latest\/news\/\">\n                                View all <i class=\"material-icons\">arrow_forward<\/i>\n                            <\/a>\n                        <\/div>\n                    <\/div>\n\n    \t\t\t\t    \t\t\t\t\t\n<div class=\"spot-post  link-color--red\">\n\n    \n    <main>\n        <div class=\"spot-post__header\">\n\t\t\t\n\n    <date class=\"spot-post__date\" datetime=\"\">12 April 2026<\/date>\n\n        <\/div>\n        <a class=\"spot-post__link\" href=\"https:\/\/mediekom.se\/aktuellt\/fsmk-utlyser-doktorandstipendier-for-2026\/\">\n            <div class=\"spot-post__content\">\n                <h4 class=\"spot-post__title has-link-color\">\n\t\t\t\t\tFSMK utlyser doktorandstipendier f\u00f6r 2026                <\/h4>\n            <\/div>\n        <\/a>\n        <p>FSMK utlyser h\u00e4rmed doktorandstipendier f\u00f6r 2026. Doktorander som \u00e4r medlemmar i FSMK och som har blivit antagna till att delta&#8230;<\/p>\n\t\t    <\/main>\n<\/div>\n    \t\t\t\t    \t\t\t\t\t\n<div class=\"spot-post  link-color--red\">\n\n    \n    <main>\n        <div class=\"spot-post__header\">\n\t\t\t\n\n    <date class=\"spot-post__date\" datetime=\"\">10 March 2026<\/date>\n\n        <\/div>\n        <a class=\"spot-post__link\" href=\"https:\/\/mediekom.se\/aktuellt\/fsmk-dagarna-2026-demokrati-makt-och-medier-i-forandring\/\">\n            <div class=\"spot-post__content\">\n                <h4 class=\"spot-post__title has-link-color\">\n\t\t\t\t\tFSMK-dagarna 2026: Demokrati, makt och medier i f\u00f6r\u00e4ndring                <\/h4>\n            <\/div>\n        <\/a>\n        <p>Varmt v\u00e4lkommen till FSMK-dagarna 2026: Demokrati, makt och medier i f\u00f6r\u00e4ndring!&nbsp; Vi ser fram emot att v\u00e4lkomna er till Institutionen&#8230;<\/p>\n\t\t    <\/main>\n<\/div>\n    \t\t\t\t    \t\t\t\t\t\n<div class=\"spot-post  link-color--red\">\n\n    \n    <main>\n        <div class=\"spot-post__header\">\n\t\t\t\n\n    <date class=\"spot-post__date\" datetime=\"\">18 February 2026<\/date>\n\n        <\/div>\n        <a class=\"spot-post__link\" href=\"https:\/\/mediekom.se\/aktuellt\/inbjudan-fsmk-dagarna-2026-demokrati-makt-och-medier-i-forandring\/\">\n            <div class=\"spot-post__content\">\n                <h4 class=\"spot-post__title has-link-color\">\n\t\t\t\t\tInbjudan FSMK-dagarna 2026:\u00a0&#8220;Demokrati, makt och medier i f\u00f6r\u00e4ndring&#8221;                <\/h4>\n            <\/div>\n        <\/a>\n        <p>Datum: 26-27 mars 2026Plats: Campus Albano, Stockholms universitetKontakt: fsmkkassor@mediekom.se Varmt v\u00e4lkommen till FSMK-dagarna 2026! Vi ser fram emot att v\u00e4lkomna&#8230;<\/p>\n\t\t    <\/main>\n<\/div>\n    \t\t\t\t    \t\t\t\t\t\n<div class=\"spot-post  link-color--red\">\n\n    \n    <main>\n        <div class=\"spot-post__header\">\n\t\t\t\n\n    <date class=\"spot-post__date\" datetime=\"\">28 January 2026<\/date>\n\n        <\/div>\n        <a class=\"spot-post__link\" href=\"https:\/\/mediekom.se\/aktuellt\/kallelse-fsmk-arsmote-27-mars-2026\/\">\n            <div class=\"spot-post__content\">\n                <h4 class=\"spot-post__title has-link-color\">\n\t\t\t\t\tKallelse FSMK \u00e5rsm\u00f6te 27 mars 2026                <\/h4>\n            <\/div>\n        <\/a>\n        <p>FSMK kallar h\u00e4rmed f\u00f6reningens medlemmar till \u00e5rsm\u00f6te fredag 27 mars 2026 klockan 12.00. \u00c5rsm\u00f6tet sker i samband med FSMK-dagarna som&#8230;<\/p>\n\t\t    <\/main>\n<\/div>\n    \t\t\t\t    \t\t\t\t\t\n<div class=\"spot-post  link-color--red\">\n\n    \n    <main>\n        <div class=\"spot-post__header\">\n\t\t\t\n\n    <date class=\"spot-post__date\" datetime=\"\">12 December 2025<\/date>\n\n        <\/div>\n        <a class=\"spot-post__link\" href=\"https:\/\/mediekom.se\/aktuellt\/fsmk-dagarna-och-arsmote-2026\/\">\n            <div class=\"spot-post__content\">\n                <h4 class=\"spot-post__title has-link-color\">\n\t\t\t\t\tFSMK-dagarna och \u00e5rsm\u00f6te 2026                <\/h4>\n            <\/div>\n        <\/a>\n        <p>FSMK-dagarna 2026 kommer att g\u00e5 av stapeln 26 och 27 mars 2026, denna g\u00e5ng i JMK:s nya lokaler p\u00e5 campus&#8230;<\/p>\n\t\t    <\/main>\n<\/div>\n    \t\t\t\t    \t\t\t\t\t\n<div class=\"spot-post  link-color--red\">\n\n    \n    <main>\n        <div class=\"spot-post__header\">\n\t\t\t\n\n    <date class=\"spot-post__date\" datetime=\"\">5 November 2025<\/date>\n\n        <\/div>\n        <a class=\"spot-post__link\" href=\"https:\/\/mediekom.se\/aktuellt\/utlysning-av-fsmks-pedagogiska-pris\/\">\n            <div class=\"spot-post__content\">\n                <h4 class=\"spot-post__title has-link-color\">\n\t\t\t\t\tUtlysning av FSMK:s pedagogiska pris                <\/h4>\n            <\/div>\n        <\/a>\n        <p>FSMK utlyser h\u00e4rmed om m\u00f6jligheten att nominera kandidater till FSMK:s pedagogiska pris.&nbsp; Priset tilldelas en person eller grupp som gjort&#8230;<\/p>\n\t\t    <\/main>\n<\/div>\n    \t\t\t\t                <\/div>\n            <\/section>\n\n\n        <\/div>\n    <\/div>\n\n\n<div class=\"callout-block callout-block--padding-large callout-block--full-width callout-block--horizontal\"><div class=\"callout-block__bg bg-color--green-light\"><\/div><div class=\"callout-block__inner\"><div class=\"callout-block__body\"><h6 class=\"callout-block__preheader\">Become a member<\/h6><h2 class=\"callout-block__title text-color--blue\">Become a member of FSMK<\/h2><div class=\"callout-block__content\">The majority of our members are academic researchers or doctoral students in the subjects of media and communication studies and journalism, but we also welcome members from other related subject areas who conduct or are interested in media research.<\/div><a class=\"button callout-block__link bg-color--blue\" href=\"https:\/\/mediekom.se\/en\/become-a-member\/\">More about membership <i class=\"material-icons\">arrow_forward<\/i> <\/a><\/div><div class=\"callout-block__image__wrapper\"><img decoding=\"async\" src=\"http:\/\/mediekom.se\/app\/uploads\/sites\/16\/2024\/02\/pexels-luis-quintero-2774556-scaled.jpeg\" alt=\"Become a member of FSMK\" class=\"callout-block__image\"\/><\/div><\/div><\/div>\n\n\n\n<div class=\"spacing--medium\"><\/div>\n","protected":false},"excerpt":{"rendered":"","protected":false},"author":22,"featured_media":0,"parent":0,"menu_order":0,"comment_status":"closed","ping_status":"closed","template":"","meta":{"_acf_changed":false,"footnotes":""},"class_list":["post-12617","page","type-page","status-publish","hentry"],"acf":[],"yoast_head":"<!-- This site is optimized with the Yoast SEO plugin v26.8 - https:\/\/yoast.com\/product\/yoast-seo-wordpress\/ -->\n<title>Home - fsmk<\/title>\n<meta name=\"description\" content=\"Detta \u00e4r en exempel tagline\" \/>\n<meta name=\"robots\" content=\"index, follow, max-snippet:-1, max-image-preview:large, max-video-preview:-1\" \/>\n<link rel=\"canonical\" href=\"https:\/\/mediekom.se\/en\/\" \/>\n<meta property=\"og:locale\" content=\"en_US\" \/>\n<meta property=\"og:type\" content=\"article\" \/>\n<meta property=\"og:title\" content=\"Home - fsmk\" \/>\n<meta property=\"og:description\" content=\"Detta \u00e4r en exempel tagline\" \/>\n<meta property=\"og:url\" content=\"https:\/\/mediekom.se\/en\/\" \/>\n<meta property=\"og:site_name\" content=\"fsmk\" \/>\n<meta property=\"article:modified_time\" content=\"2025-01-09T13:47:39+00:00\" \/>\n<meta name=\"twitter:card\" content=\"summary_large_image\" \/>\n<meta name=\"twitter:image\" content=\"http:\/\/mediekom.se\/app\/uploads\/sites\/16\/2024\/02\/pexels-luis-quintero-2774556-scaled.jpeg\" \/>\n<meta name=\"twitter:label1\" content=\"Est. reading time\" \/>\n\t<meta name=\"twitter:data1\" content=\"1 minute\" \/>\n<script type=\"application\/ld+json\" class=\"yoast-schema-graph\">{\"@context\":\"https:\/\/schema.org\",\"@graph\":[{\"@type\":\"WebPage\",\"@id\":\"https:\/\/mediekom.se\/en\/\",\"url\":\"https:\/\/mediekom.se\/en\/\",\"name\":\"Home - fsmk\",\"isPartOf\":{\"@id\":\"https:\/\/mediekom.se\/en\/#website\"},\"primaryImageOfPage\":{\"@id\":\"https:\/\/mediekom.se\/en\/#primaryimage\"},\"image\":{\"@id\":\"https:\/\/mediekom.se\/en\/#primaryimage\"},\"thumbnailUrl\":\"http:\/\/mediekom.se\/app\/uploads\/sites\/16\/2024\/02\/pexels-luis-quintero-2774556-scaled.jpeg\",\"datePublished\":\"2019-05-15T11:56:00+00:00\",\"dateModified\":\"2025-01-09T13:47:39+00:00\",\"description\":\"Detta \u00e4r en exempel tagline\",\"breadcrumb\":{\"@id\":\"https:\/\/mediekom.se\/en\/#breadcrumb\"},\"inLanguage\":\"en-US\",\"potentialAction\":[{\"@type\":\"ReadAction\",\"target\":[\"https:\/\/mediekom.se\/en\/\"]}]},{\"@type\":\"ImageObject\",\"inLanguage\":\"en-US\",\"@id\":\"https:\/\/mediekom.se\/en\/#primaryimage\",\"url\":\"http:\/\/mediekom.se\/app\/uploads\/sites\/16\/2024\/02\/pexels-luis-quintero-2774556-scaled.jpeg\",\"contentUrl\":\"http:\/\/mediekom.se\/app\/uploads\/sites\/16\/2024\/02\/pexels-luis-quintero-2774556-scaled.jpeg\"},{\"@type\":\"BreadcrumbList\",\"@id\":\"https:\/\/mediekom.se\/en\/#breadcrumb\",\"itemListElement\":[{\"@type\":\"ListItem\",\"position\":1,\"name\":\"Hem\",\"item\":\"https:\/\/mediekom.se\/en\/\"},{\"@type\":\"ListItem\",\"position\":2,\"name\":\"Home\"}]},{\"@type\":\"WebSite\",\"@id\":\"https:\/\/mediekom.se\/en\/#website\",\"url\":\"https:\/\/mediekom.se\/en\/\",\"name\":\"fsmk\",\"description\":\"Detta \u00e4r en exempel tagline\",\"potentialAction\":[{\"@type\":\"SearchAction\",\"target\":{\"@type\":\"EntryPoint\",\"urlTemplate\":\"https:\/\/mediekom.se\/en\/?s={search_term_string}\"},\"query-input\":{\"@type\":\"PropertyValueSpecification\",\"valueRequired\":true,\"valueName\":\"search_term_string\"}}],\"inLanguage\":\"en-US\"}]}<\/script>\n<!-- \/ Yoast SEO plugin. -->","yoast_head_json":{"title":"Home - fsmk","description":"Detta \u00e4r en exempel tagline","robots":{"index":"index","follow":"follow","max-snippet":"max-snippet:-1","max-image-preview":"max-image-preview:large","max-video-preview":"max-video-preview:-1"},"canonical":"https:\/\/mediekom.se\/en\/","og_locale":"en_US","og_type":"article","og_title":"Home - fsmk","og_description":"Detta \u00e4r en exempel tagline","og_url":"https:\/\/mediekom.se\/en\/","og_site_name":"fsmk","article_modified_time":"2025-01-09T13:47:39+00:00","twitter_card":"summary_large_image","twitter_image":"http:\/\/mediekom.se\/app\/uploads\/sites\/16\/2024\/02\/pexels-luis-quintero-2774556-scaled.jpeg","twitter_misc":{"Est. reading time":"1 minute"},"schema":{"@context":"https:\/\/schema.org","@graph":[{"@type":"WebPage","@id":"https:\/\/mediekom.se\/en\/","url":"https:\/\/mediekom.se\/en\/","name":"Home - fsmk","isPartOf":{"@id":"https:\/\/mediekom.se\/en\/#website"},"primaryImageOfPage":{"@id":"https:\/\/mediekom.se\/en\/#primaryimage"},"image":{"@id":"https:\/\/mediekom.se\/en\/#primaryimage"},"thumbnailUrl":"http:\/\/mediekom.se\/app\/uploads\/sites\/16\/2024\/02\/pexels-luis-quintero-2774556-scaled.jpeg","datePublished":"2019-05-15T11:56:00+00:00","dateModified":"2025-01-09T13:47:39+00:00","description":"Detta \u00e4r en exempel tagline","breadcrumb":{"@id":"https:\/\/mediekom.se\/en\/#breadcrumb"},"inLanguage":"en-US","potentialAction":[{"@type":"ReadAction","target":["https:\/\/mediekom.se\/en\/"]}]},{"@type":"ImageObject","inLanguage":"en-US","@id":"https:\/\/mediekom.se\/en\/#primaryimage","url":"http:\/\/mediekom.se\/app\/uploads\/sites\/16\/2024\/02\/pexels-luis-quintero-2774556-scaled.jpeg","contentUrl":"http:\/\/mediekom.se\/app\/uploads\/sites\/16\/2024\/02\/pexels-luis-quintero-2774556-scaled.jpeg"},{"@type":"BreadcrumbList","@id":"https:\/\/mediekom.se\/en\/#breadcrumb","itemListElement":[{"@type":"ListItem","position":1,"name":"Hem","item":"https:\/\/mediekom.se\/en\/"},{"@type":"ListItem","position":2,"name":"Home"}]},{"@type":"WebSite","@id":"https:\/\/mediekom.se\/en\/#website","url":"https:\/\/mediekom.se\/en\/","name":"fsmk","description":"Detta \u00e4r en exempel tagline","potentialAction":[{"@type":"SearchAction","target":{"@type":"EntryPoint","urlTemplate":"https:\/\/mediekom.se\/en\/?s={search_term_string}"},"query-input":{"@type":"PropertyValueSpecification","valueRequired":true,"valueName":"search_term_string"}}],"inLanguage":"en-US"}]}},"_links":{"self":[{"href":"https:\/\/mediekom.se\/en\/wp-json\/wp\/v2\/pages\/12617","targetHints":{"allow":["GET"]}}],"collection":[{"href":"https:\/\/mediekom.se\/en\/wp-json\/wp\/v2\/pages"}],"about":[{"href":"https:\/\/mediekom.se\/en\/wp-json\/wp\/v2\/types\/page"}],"author":[{"embeddable":true,"href":"https:\/\/mediekom.se\/en\/wp-json\/wp\/v2\/users\/22"}],"replies":[{"embeddable":true,"href":"https:\/\/mediekom.se\/en\/wp-json\/wp\/v2\/comments?post=12617"}],"version-history":[{"count":2,"href":"https:\/\/mediekom.se\/en\/wp-json\/wp\/v2\/pages\/12617\/revisions"}],"predecessor-version":[{"id":12620,"href":"https:\/\/mediekom.se\/en\/wp-json\/wp\/v2\/pages\/12617\/revisions\/12620"}],"wp:attachment":[{"href":"https:\/\/mediekom.se\/en\/wp-json\/wp\/v2\/media?parent=12617"}],"curies":[{"name":"wp","href":"https:\/\/api.w.org\/{rel}","templated":true}]}}

<div class="latest-posts" data-filtered-content>
        <div class="latest-posts__grid">

            <section id="latestSection1">
                <div class="latest-posts color-theme--hover-red latest-posts--news">
                    <div class="latest-posts__header">
                        <!--<div class="layout-block"></div>-->
                        <div class="top-border">
                            <div class="top-border__inner bg-color--red"></div>
                        </div>
                        <div class="latest-posts__header-controls">
                            <h2 class="text-color--red">Nyheter</h2>
                            <a href="https://mediekom.se/en/latest/news/">
                                View all <i class="material-icons">arrow_forward</i>
                            </a>
                        </div>
                    </div>

    				    					
<div class="spot-post  link-color--red">

    
    <main>
        <div class="spot-post__header">
			

    <date class="spot-post__date" datetime="">12 April 2026</date>

        </div>
        <a class="spot-post__link" href="https://mediekom.se/aktuellt/fsmk-utlyser-doktorandstipendier-for-2026/">
            <div class="spot-post__content">
                <h4 class="spot-post__title has-link-color">
					FSMK utlyser doktorandstipendier för 2026                </h4>
            </div>
        </a>
        <p>FSMK utlyser härmed doktorandstipendier för 2026. Doktorander som är medlemmar i FSMK och som har blivit antagna till att delta&#8230;</p>
		    </main>
</div>
    				    					
<div class="spot-post  link-color--red">

    
    <main>
        <div class="spot-post__header">
			

    <date class="spot-post__date" datetime="">10 March 2026</date>

        </div>
        <a class="spot-post__link" href="https://mediekom.se/aktuellt/fsmk-dagarna-2026-demokrati-makt-och-medier-i-forandring/">
            <div class="spot-post__content">
                <h4 class="spot-post__title has-link-color">
					FSMK-dagarna 2026: Demokrati, makt och medier i förändring                </h4>
            </div>
        </a>
        <p>Varmt välkommen till FSMK-dagarna 2026: Demokrati, makt och medier i förändring!&nbsp; Vi ser fram emot att välkomna er till Institutionen&#8230;</p>
		    </main>
</div>
    				    					
<div class="spot-post  link-color--red">

    
    <main>
        <div class="spot-post__header">
			

    <date class="spot-post__date" datetime="">18 February 2026</date>

        </div>
        <a class="spot-post__link" href="https://mediekom.se/aktuellt/inbjudan-fsmk-dagarna-2026-demokrati-makt-och-medier-i-forandring/">
            <div class="spot-post__content">
                <h4 class="spot-post__title has-link-color">
					Inbjudan FSMK-dagarna 2026: &#8220;Demokrati, makt och medier i förändring&#8221;                </h4>
            </div>
        </a>
        <p>Datum: 26-27 mars 2026Plats: Campus Albano, Stockholms universitetKontakt: fsmkkassor@mediekom.se Varmt välkommen till FSMK-dagarna 2026! Vi ser fram emot att välkomna&#8230;</p>
		    </main>
</div>
    				    					
<div class="spot-post  link-color--red">

    
    <main>
        <div class="spot-post__header">
			

    <date class="spot-post__date" datetime="">28 January 2026</date>

        </div>
        <a class="spot-post__link" href="https://mediekom.se/aktuellt/kallelse-fsmk-arsmote-27-mars-2026/">
            <div class="spot-post__content">
                <h4 class="spot-post__title has-link-color">
					Kallelse FSMK årsmöte 27 mars 2026                </h4>
            </div>
        </a>
        <p>FSMK kallar härmed föreningens medlemmar till årsmöte fredag 27 mars 2026 klockan 12.00. Årsmötet sker i samband med FSMK-dagarna som&#8230;</p>
		    </main>
</div>
    				    					
<div class="spot-post  link-color--red">

    
    <main>
        <div class="spot-post__header">
			

    <date class="spot-post__date" datetime="">12 December 2025</date>

        </div>
        <a class="spot-post__link" href="https://mediekom.se/aktuellt/fsmk-dagarna-och-arsmote-2026/">
            <div class="spot-post__content">
                <h4 class="spot-post__title has-link-color">
					FSMK-dagarna och årsmöte 2026                </h4>
            </div>
        </a>
        <p>FSMK-dagarna 2026 kommer att gå av stapeln 26 och 27 mars 2026, denna gång i JMK:s nya lokaler på campus&#8230;</p>
		    </main>
</div>
    				    					
<div class="spot-post  link-color--red">

    
    <main>
        <div class="spot-post__header">
			

    <date class="spot-post__date" datetime="">5 November 2025</date>

        </div>
        <a class="spot-post__link" href="https://mediekom.se/aktuellt/utlysning-av-fsmks-pedagogiska-pris/">
            <div class="spot-post__content">
                <h4 class="spot-post__title has-link-color">
					Utlysning av FSMK:s pedagogiska pris                </h4>
            </div>
        </a>
        <p>FSMK utlyser härmed om möjligheten att nominera kandidater till FSMK:s pedagogiska pris.&nbsp; Priset tilldelas en person eller grupp som gjort&#8230;</p>
		    </main>
</div>
    				                </div>
            </section>


        </div>
    </div>


<div class="callout-block callout-block--padding-large callout-block--full-width callout-block--horizontal"><div class="callout-block__bg bg-color--green-light"></div><div class="callout-block__inner"><div class="callout-block__body"><h6 class="callout-block__preheader">Become a member</h6><h2 class="callout-block__title text-color--blue">Become a member of FSMK</h2><div class="callout-block__content">The majority of our members are academic researchers or doctoral students in the subjects of media and communication studies and journalism, but we also welcome members from other related subject areas who conduct or are interested in media research.</div><a class="button callout-block__link bg-color--blue" href="https://mediekom.se/en/become-a-member/">More about membership <i class="material-icons">arrow_forward</i> </a></div><div class="callout-block__image__wrapper"><img decoding="async" src="http://mediekom.se/app/uploads/sites/16/2024/02/pexels-luis-quintero-2774556-scaled.jpeg" alt="Become a member of FSMK" class="callout-block__image"/></div></div></div>



<div class="spacing--medium"></div>

<!-- This site is optimized with the Yoast SEO plugin v26.8 - https://yoast.com/product/yoast-seo-wordpress/ -->
<title>Home - fsmk</title>
<meta name="description" content="Detta är en exempel tagline" />
<meta name="robots" content="index, follow, max-snippet:-1, max-image-preview:large, max-video-preview:-1" />
<link rel="canonical" href="https://mediekom.se/en/" />
<meta property="og:locale" content="en_US" />
<meta property="og:type" content="article" />
<meta property="og:title" content="Home - fsmk" />
<meta property="og:description" content="Detta är en exempel tagline" />
<meta property="og:url" content="https://mediekom.se/en/" />
<meta property="og:site_name" content="fsmk" />
<meta property="article:modified_time" content="2025-01-09T13:47:39+00:00" />
<meta name="twitter:card" content="summary_large_image" />
<meta name="twitter:image" content="http://mediekom.se/app/uploads/sites/16/2024/02/pexels-luis-quintero-2774556-scaled.jpeg" />
<meta name="twitter:label1" content="Est. reading time" />
	<meta name="twitter:data1" content="1 minute" />
<script type="application/ld+json" class="yoast-schema-graph">{"@context":"https://schema.org","@graph":[{"@type":"WebPage","@id":"https://mediekom.se/en/","url":"https://mediekom.se/en/","name":"Home - fsmk","isPartOf":{"@id":"https://mediekom.se/en/#website"},"primaryImageOfPage":{"@id":"https://mediekom.se/en/#primaryimage"},"image":{"@id":"https://mediekom.se/en/#primaryimage"},"thumbnailUrl":"http://mediekom.se/app/uploads/sites/16/2024/02/pexels-luis-quintero-2774556-scaled.jpeg","datePublished":"2019-05-15T11:56:00+00:00","dateModified":"2025-01-09T13:47:39+00:00","description":"Detta är en exempel tagline","breadcrumb":{"@id":"https://mediekom.se/en/#breadcrumb"},"inLanguage":"en-US","potentialAction":[{"@type":"ReadAction","target":["https://mediekom.se/en/"]}]},{"@type":"ImageObject","inLanguage":"en-US","@id":"https://mediekom.se/en/#primaryimage","url":"http://mediekom.se/app/uploads/sites/16/2024/02/pexels-luis-quintero-2774556-scaled.jpeg","contentUrl":"http://mediekom.se/app/uploads/sites/16/2024/02/pexels-luis-quintero-2774556-scaled.jpeg"},{"@type":"BreadcrumbList","@id":"https://mediekom.se/en/#breadcrumb","itemListElement":[{"@type":"ListItem","position":1,"name":"Hem","item":"https://mediekom.se/en/"},{"@type":"ListItem","position":2,"name":"Home"}]},{"@type":"WebSite","@id":"https://mediekom.se/en/#website","url":"https://mediekom.se/en/","name":"fsmk","description":"Detta är en exempel tagline","potentialAction":[{"@type":"SearchAction","target":{"@type":"EntryPoint","urlTemplate":"https://mediekom.se/en/?s={search_term_string}"},"query-input":{"@type":"PropertyValueSpecification","valueRequired":true,"valueName":"search_term_string"}}],"inLanguage":"en-US"}]}</script>
<!-- / Yoast SEO plugin. -->

Detta är en exempel tagline
